5/120 - p**4/2 - 3*p**2. Let b(r) be the second derivative of x(r). Give b(6).
11
Let d(t) be the first derivative of -t**5/120 + t**4/24 - t**3 + 16. Let v(i) be the third derivative of d(i). Determine v(-5).
6
Suppose -3*o = -3*b + 2*o - 450, -5*b + 2*o = 731. Let n = b + 143. Let c(s) = 3*s**2 + 2*s - 2. Calculate c(n).
6
Let w(o) = -o**3 - o**2 + 4*o**2 + 5*o**2 - 3*o**2 - 8 + 5*o. Suppose -4*b + 32 - 8 = 0. Determine w(b).
-14
Let u(j) = -j**3 + j**2 + 2. Let f = 9 + -7. Suppose -n = 2*n + f*n. What is u(n)?
2
Let u(k) be the first derivative of k**5/60 - 5*k**4/24 - 8*k**3 - 15. Let c(g) be the third derivative of u(g). Give c(5).
5
Let i(o) = -2*o**2 + 11*o - 5. Let g(y) = -2*y**2 + 12*y - 5. Let h(a) = -5*g(a) + 6*i(a). Calculate h(3).
-5
Let k(g) be the first derivative of 4 + 1/10*g**5 + 0*g + 0*g**4 + 1/2*g**2 - 1/6*g**3. Let j(v) be the second derivative of k(v). What is j(-1)?
5
Let b(o) = -o**2 - 6*o - 5. Suppose 2*w = -5*r - 35, -r - 1 = w + 9. What is b(w)?
0
Let u(m) = -m**3 - 4*m**2 - 4*m + 1. Suppose -483 = -2*k - 487. Give u(k).
1
Let q(p) = p - 3. Let f be q(6). Suppose 2*h = -f*i - 0 - 13, -2*i + 3 = -h. Let v(b) = 43*b - 87*b + 39*b. Give v(i).
5
Let w(j) = 2*j**3 + 3*j**2 + j + 1. Let n be (-1)/(4/2 + -1). Let h = n + -8. Let b = -11 - h. What is w(b)?
-5
Let i(k) be the second derivative of -5*k + 0 + 1/120*k**5 + 1/2*k**3 + 0*k**2 + 0*k**4. Let y(x) be the second derivative of i(x). What is y(3)?
3
Let b(k) = 4*k + 14. Let i(r) = 2*r + 7. Let z(t) = 3*b(t) - 7*i(t). Calculate z(6).
-19
Let q(l) = 8*l + 6. Let k(m) = 21*m + 22. Let w(x) = -7*x - 7. Let i(n) = 2*k(n) + 7*w(n). Let s(d) = -5*i(d) - 4*q(d). Let p be 14/10 - 2/5. Give s(p).
4
Let q(c) be the second derivative of c**4/12 + c**3/6 + 2*c**2 + 367*c. Calculate q(-8).
60
Let n(l) = 0 + 2 + 30*l - 28*l + 0. Let h(x) = 2*x - 2*x - 3*x + 0*x - 2. Let m(y) = -3*h(y) - 4*n(y). Determine m(6).
4
Suppose -4*l - s + 21 = 4*s, 3*l + 3*s - 15 = 0. Let f(u) = 5*u**2 + 11*u - 40. Let a(i) = 9*i**2 + 21*i - 74. Let q(o) = 6*a(o) - 11*f(o). Calculate q(l).
0
Let o = 1 + 3. Suppose -3*t + 1 = -2. Let f(d) = -7*d**3 + 11*d**2 + 4*d - 2. Let z(x) = -x**3 + x**2 + x. Let b(c) = t*f(c) - 6*z(c). Give b(o).
6
Let x(z) = 2*z + 4. Let f(n) = -n**2 + 13*n + 71. Let w be f(17). Give x(w).
10
Let t(v) = -2*v + 3. Let y(d) = d**3 - 2*d. Let l be y(2). Let a be t(l). Let k(c) = -20 - c**2 - 6*c + 2*c + 27. Calculate k(a).
2
Let r(g) be the second derivative of -g**3/3 - g**2/2 - 64*g. Give r(7).
-15
Let o(w) = 10*w**3 + w**2 + w. Suppose 128*k - 1 = 129*k. What is o(k)?
-10
Let v(r) be the second derivative of r**5/20 - r**4/12 - r**3/6 + 2*r**2 + 62*r. Suppose 0*j = q - 4*j, -3*j = -2*q. Give v(q).
4
Let d(j) = 7*j**2 + 7*j + 1. Let n = -24 - -13. Let m(c) = 7*c + 25*c**2 - 12*c**2 - 3*c + 9*c + 1. Let i(b) = n*d(b) + 6*m(b). Determine i(-4).
7
Let q(b) = -b**2 - b + 11. Let o(p) = -3*p - 6. Let w(s) = 2*s + 6. Let t(k) = -3*o(k) - 4*w(k). Let a(f) = 3*q(f) + 5*t(f). Determine a(-2).
-13
Let y(z) be the third derivative of 1/10*z**5 + 0 + 0*z + 1/12*z**4 + 27*z**2 - 1/120*z**6 + 0*z**3. Calculate y(6).
12
Let u(g) = -19103*g + 4 + 2 + 19102*g. Determine u(-7).
13
Let r = -53 + 71. Let n(w) = -10*w + 12*w - w**2 + 6*w + r + 4*w. What is n(13)?
5
Let y(g) = 10*g + 10*g + 9*g + 2*g - 21 - 28*g. Determine y(9).
6
Let z = -4 - -7. Suppose -3 = z*d, -3*i = -4*d - 5 - 11. Let h(k) be the first derivative of k**4/4 - 4*k**3/3 + k + 897. Calculate h(i).
1
Suppose 16*h - 114 = 62. Let g(m) = 3*m - 18. Determine g(h).
15
Let y(k) be the third derivative of -11*k**5/60 + k**4/12 - k**3/6 + 7*k**2 - 22. Let j be (-1)/(-4) + (-9)/(-12). Determine y(j).
-10
Let b(y) = 2*y**2 - 2*y - 2. Suppose 4*c - 12 = 16*c. Calculate b(c).
2
Let z(o) = o**3 - o**2 - o. Let f(c) = 4*c**2 - 2*c - 1. Let x = -10 + 11. Suppose 3 - x = 2*i. Let l(b) = i*z(b) - f(b). Give l(5).
6
Let s(c) = -2*c + 1. Let y(i) = i**2 + 52*i + 53. Let l be y(-51). Calculate s(l).
-3
Let j be -5 + -2 + 39/3 + -13. Let w(u) = -3*u - 19. Determine w(j).
2
Let a(f) = -25*f**2 - 2*f + 25. Let s(x) = 46*x**2 + 4*x - 49. Let l(g) = 11*a(g) + 6*s(g). What is l(0)?
-19
Let a be (-13)/(-78) - 106/(-12). Let j(p) = -p**3 + 10*p**2 - 5*p - 5. What is j(a)?
31
Suppose -2*t = 3*t + 10. Let i(l) = -3753*l + 0*l**3 + 3754*l - l**3 + l**2. Calculate i(t).
10
Let g(b) = -b**3 - b**2 + b - 7. Suppose 5*v + 25 = -4*i, 2*v + 17 - 7 = -2*i. What is g(i)?
-7
Let j(i) = -5*i**2 + 8*i + 10. Let y(t) = 4*t**2 - 8*t - 9. Let q(s) = -5*j(s) - 6*y(s). Calculate q(-9).
13
Suppose -3*m - 2 + 7 = -5*r, 4*r + 4*m = -36. Let z(g) = -7*g**3 + 2*g**2 + 5*g - 9. Let s(q) = -2*q**3 + 3*q - 1. Let w(l) = 4*s(l) - z(l). What is w(r)?
9
Let c(a) be the second derivative of -a**4/4 + a**2 - 11*a. Suppose -4*m - 1 = 7. Calculate c(m).
-10
Let s(p) = -3*p + 2. Suppose 8 = 5*i - 62. Suppose -h = 2*a + 2*a - 6, -3*h + 4*a - i = 0. Determine s(h).
8
Let a = -1072 - -1073. Let f(b) = -26*b**3 + b**2. What is f(a)?
-25
Let t = 187 + -183. Let h(c) = -2*c**2 + 4*c + 4. Determine h(t).
-12
Let d(l) = l**2 - 4*l - 5. Let w(o) = o**3 - 4*o**2 - 3*o - 4. Let n = 16 + -11. Suppose 0 = b - 4*z + 7 + 8, -2*b + n = -z. Let k be w(b). Determine d(k).
7
Let o = -19/22 + 49/44. Let d(l) be the first derivative of -5/3*l**3 + 7/2*l**2 - 6 + l - o*l**4. Determine d(-6).
-5
Let j be (7/(-3))/(4/12). Let r(c) be the second derivative of -c**4/12 - 4*c**3/3 - 2*c**2 + 16*c + 32. Calculate r(j).
3
Let k(s) = 2*s**3 - 20*s**2 - 18*s - 1. Let p(t) = -t**3 + 11*t**2 + 10*t + 1. Let l(d) = 3*k(d) + 5*p(d). Give l(5).
-18
Let n(x) be the third derivative of -x**5/60 - 13*x**4/24 + 13*x**3/6 - 5*x**2. Let f be n(-14). Let o(a) = 6*a**3 + 2*a**2 - 1. Determine o(f).
-5
Let r(s) = 4*s**2 - 5*s - 4 + s**2 - 4*s**2. Let a be -2 + (-78)/(3 + -6). Suppose 0 = 3*c + c - a. What is r(c)?
2
Suppose 0 = -5*o + 5, 7*y + 53 = 10*y + 5*o. Let q(d) = -d**2 + 13*d + 37. Give q(y).
-11
Let z(q) = 19*q**3 + 7*q**2 - 4*q + 2. Let a(y) = -9*y**3 - 4*y**2 + 2*y - 1. Let j(k) = -5*a(k) - 3*z(k). Determine j(1).
-12
Let r(j) be the third derivative of j**5/60 - 3*j**4/8 - 2*j**3/3 - 19*j**2 + j. Give r(6).
-22
Let o(q) = q + 10. Let x be o(13). Let p = -32 + x. Let m(v) = -v**2 - 10*v - 10. Determine m(p).
-1
Suppose 5*u - c = -95, 14*c - 10*c = 5*u + 110. Let r(m) = -m**3 - 19*m**2 - 16*m + 35. Determine r(u).
-1
Let t(p) = -p. Let g be (-2)/6*3*(-7 - -3). Determine t(g).
-4
Let q(u) = u. Let f be 832/520*(-5)/(-4). Determine q(f).
2
Suppose 3*c - 4*a - a - 20 = 0, -3*c - 3*a = -12. Let o be (2/5)/((-1)/c). Let x(w) be the first derivative of w**4/2 + 2. Determine x(o).
-16
Let a be ((-5)/(-3))/(6/54). Suppose 2*d - 4*g + 7 = -g, a = 3*g. Let u(y) = 3*y - 6. What is u(d)?
6
Let a(y) = y**3 - 4*y**2 - 4*y + 2. Let r = 2 - 27. Let z = r - -30. Calculate a(z).
7
Let u(s) be the second derivative of -s**6/240 - s**4/3 - 9*s. Let n(m) be the third derivative of u(m). Suppose -d - 12 = 2*d. Determine n(d).
12
Let x(q) = -5*q**3 - q**2 - 1. Let f(p) = -4*p**3 - p**2. Let u(v) = -4*f(v) + 3*x(v). Calculate u(0).
-3
Let t(g) = 9*g**3 + 3*g**2 + 16*g - 14. Let z(i) = 5*i**3 + i**2 + 8*i - 7. Let f(u) = -6*t(u) + 11*z(u). Calculate f(8).
7
Let i(y) = -y**2 + 0*y + 5 - 4*y**2 - 2*y**2 - 4*y. Let u(c) = 3*c**2 + 2*c - 2. Let t(h) = 4*i(h) + 9*u(h). Calculate t(5).
-13
Let s(u) = 4*u + 1. Let j be s(1). Suppose -2*q = -6*q + 336. Let n(p) = 6*p**2 + p**3 - 79*p - q*p + 159*p - 2*p**3. What is n(j)?
5
Suppose 30 = 2*m + 4*m. Let u(y) = -5. Let i(z) = z - 5. Let r(f) = m*u(f) - 5*i(f). Give r(2).
-10
Let i(m) be the second derivative of -m**3/3 - 7*m**2/2 + 57*m. Determine i(5).
-17
Let p(i) = i**3 + 6*i**2 - 7*i - 10. Let h(k) = 8*k**3 + 4*k**2 + 5*k + 2. Let b be h(-1). Give p(b).
-10
Let z(o) be the third derivative of o**6/40 - o**5/30 - o**4/8 + o**3/2 + 2*o**2 + 1. What is z(2)?
13
Let n(b) = b**3 - 5*b**2 - 3*b + 2. Let z(m) = 6*m**2 - 5*m - 7. Let h be z(-1). Calculate n(h).
-26
Let q(l) be the first derivative of -1/3*l**3 + 2*l**2 + 3*l + 61. What is q(5)?
-2
Suppose -3*d + 37 = -2*o + 1, 5*d = -o + 47. Let u be (4/d)/((-1)/(-5)). Let h(s) = -s. Let p(k) = 2*k + 1. Let q(l) = u*p(l) + 6*h(l). What is q(4)?
-6
Suppose 3*w + 11 = h, 2